ase 7, what is 25 - 1104121?
-1104063
In base 8, what is 26 - 67?
-41
In base 11, what is -41 - -92?
51
In base 3, what is -22 + 1022221110?
1022221011
In base 15, what is -d1 - 5d7?
-6b8
In base 5, what is -320432043 + 2?
-320432041
In base 9, what is 412 - 526?
-114
In base 14, what is 34936d - -4?
349373
In base 15, what is -5 + e6b8a?
e6b85
In base 12, what is -4 - 17409?
-17411
In base 11, what is 4639 + -146?
44a3
In base 3, what is -1000 - -101121211?
101120211
In base 13, what is 8 - 17152?
-17147
In base 15, what is -30 + -82ba?
-82ea
In base 14, what is -1682 - 2d?
-16b1
In base 9, what is -2 + -287803?
-287805
In base 8, what is -2744 - -11?
-2733
In base 7, what is -4 - -63413?
63406
In base 12, what is -29a + 5b?
-23b
In base 5, what is 22 + -1413104?
-1413032
In base 12, what is -29552 + 23?
-2952b
In base 10, what is 19 - -249?
268
In base 15, what is -2e53 + 4?
-2e4e
In base 5, what is 2234 + 11300?
14034
In base 8, what is -7250 + 42?
-7206
In base 16, what is 7 + -18a2b?
-18a24
In base 14, what is -cd1 - 56?
-d47
In base 8, what is -544 + 57?
-465
In base 8, what is 11 + 117053?
117064
In base 13, what is -12 - 4268?
-427a
In base 9, what is -270508 + 5?
-270503
In base 5, what is -10 - -411144412?
411144402
In base 9, what is -3402 - -4236?
734
In base 5, what is -411123123 - 4?
-411123132
In base 9, what is -22 + -3025?
-3047
In base 4, what is 23000 + 30110?
113110
In base 16, what is 41 + 214?
255
In base 4, what is -10 + 1012?
1002
In base 7, what is 13 + -10444?
-10431
In base 8, what is 4131146 - -5?
4131153
In base 5, what is -14332 + -20?
-14402
In base 7, what is 644 + -1105?
-131
In base 10, what is -10414 - 30?
-10444
In base 11, what is -1211 - -4?
-1208
In base 16, what is -25f - -299?
3a
In base 15, what is -3 + 1c3108?
1c3105
In base 4, what is -2123 + -102210?
-110333
In base 8, what is -2203234 - 2?
-2203236
In base 9, what is -6260 + -8?
-6268
In base 14, what is 22d5 + 19?
2310
In base 15, what is 2ca - 29?
2a1
In base 3, what is 2102010200202 - 20?
2102010200112
In base 16, what is 9c0 + -682?
33e
In base 16, what is 0 - -28525?
28525
In base 16, what is -3 + 267d?
267a
In base 4, what is 103011 + -130?
102221
In base 2, what is 1100110 - 10100111011010?
-10100101110100
In base 8, what is -14517 + -5?
-14524
In base 5, what is -3 - -24434444?
24434441
In base 13, what is 3 + -2c096?
-2c093
In base 16, what is 6500e - 4?
6500a
In base 8, what is -21 + -135432?
-135453
In base 9, what is -5 - 114205?
-114211
In base 9, what is 2232542 + -3?
2232538
In base 7, what is 5 + 130634?
130642
In base 2, what is -100 - 101011100111000011?
-101011100111000111
In base 9, what is 13636 - -103?
13740
In base 9, what is 50851 + -3?
50847
In base 6, what is -353 + -1550?
-2343
In base 10, what is 5 + 27271?
27276
In base 8, what is -201 - 1215?
-1416
In base 15, what is 156b - 11?
155a
In base 13, what is 2 + -3035?
-3033
In base 4, what is -1102 + 230022?
222320
In base 9, what is -64765 - -15?
-64750
In base 7, what is -1421134 - 6?
-1421143
In base 11, what is 19532 + 3?
19535
In base 5, what is -130400 - 11?
-130411
In base 13, what is -1553 + 21?
-1532
In base 15, what is 3a + -25?
15
In base 12, what is 8b - -33?
102
In base 6, what is 112 + 13?
125
In base 5, what is 321 + -11014?
-10143
In base 8, what is -723337 + 7?
-723330
In base 16, what is -58e - -8c?
-502
In base 4, what is -2 + -310322133?
-310322201
In base 9, what is -1028 - -820?
-108
In base 9, what is 715473 + -2?
715471
In base 15, what is 12b7 + -26c?
104a
In base 14, what is 21595c - -3?
215961
In base 9, what is -11 + -17086?
-17107
In base 15, what is 1 - 9d35?
-9d34
In base 7, what is 432645 + 4?
432652
In base 8, what is 16452 + 11?
16463
In base 6, what is 212130 - -3?
212133
In base 7, what is 56430 + -414?
56013
In base 15, what is 3 - ad4?
-ad1
In base 13, what is -3594a0 - 1?
-3594a1
In base 13, what is a + 4ba8?
4bb5
In base 10, what is -627 - -8820?
8193
In base 5, what is 203314 - 10?
203304
In base 9, what is 5 + -13385?
-13380
In base 10, what is 47038 - -4?
47042
In base 4, what is 21130 + 331?
22121
In base 11, what is -44 - 853?
-897
In base 10, what is -4 + 1924?
1920
In base 5, what is -2234 - -4434?
2200
In base 14, what is -3b7 - -87?
-330
In base 8, what is 1311 + -17450?
-16137
In base 8, what is 4 + 42345?
42351
In base 2, what is -100001101001 - -10101101?
-11110111100
In base 12, what is 7 + -2355?
-234a
In base 10, what is 5 + 6066?
6071
In base 11, what is 659 + 64?
712
In base 15, what is 2e5a + 28?
2e83
In base 14, what is -18c2 - -4c?
-1874
In base 15, what is 8687 - -31?
86b8
In base 10, what is 7797 + 0?
7797
In base 2, what is 100 + -11101111001111011?
-11101111001110111
In base 3, what is 12102201 + 122?
12110100
In base 13, what is 57 - 260?
-206
In base 11, what is -914 - -75?
-84a
In base 3, what is -120210112 - -122?
-120202220
In base 5, what is 32041 + -4?
32032
In base 6, what is -2253 - 135?
-2432
In base 16, what is b963e - -5?
b9643
In base 16, what is -1091d - 3?
-10920
In base 16, what is -9 - 2f4b?
-2f54
In base 8, what is 235 + -2621?
-2364
In base 7, what is -2 + 5540063?
5540061
In base 10, what is 3093 + -43?
3050
In base 6, what is 123 - 114354?
-114231
In base 7, what is 201 + -635?
-434
In base 8, what is 4032 + 161?
4213
In base 7, what is 6513620 - 6?
6513611
In base 3, what is 220002210 + 11?
220002221
In base 2, what is 1 + 1011101010001111?
1011101010010000
In base 10, what is -42 - 14644?
-14686
In base 3, what is -2 - -1021011022?
1021011020
In base 16, what is 5892 - -2?
5894
In base 4, what is 112013313 - 10?
112013303
In base 11, what is -7823a + -4?
-78243
In base 3, what is 10200000200 + -1?
10200000122
In base 2, what is 10101 + -11000010110?
-11000000001
In base 7, what is 3065 + 1?
3066
In base 5, what is -132310 - -1104?
-131201
In base 16, what is 6 + -1b45?
-1b3f
In base 14, what is 337b - 3?
3378
In base 6, what is 0 - 4440?
-4440
In base 14, what is -567 + 594?
2b
In base 8, what is -2 - -27200?
27176
In base 7, what is -4 + -4152011?
-4152015
In base 15, what is -11c4 - -23?
-11a1
In base 4, what is 223020022 - 2?
223020020
In base 16, what is 5 - -2ff5?
2ffa
In base 12, what is -210a + -15?
-2123
In base 9, what is 2 + -1252486?
-1252484
In base 6, what is -21 + 32351?
32330
In base 14, what is -1 - -5b45?
5b44
In base 2, what is 111110000110 - -1101?
111110010011
In base 7, what is 1645 - -24?
2002
In base 6, what is -411 - 254?
-1105
In base 12, what is -1a46 + -19?
-1a63
In base 16, what is -9 + -2111?
-211a
In base 15, what is -3 + c9?
c6
In base 12, what is -2 - 331bb?
-33201
In base 5, what is -140230 + -32?
-140312
In base 14, what is -5 + -33a41?
-33a46
In base 7, what is 5045 + 20?
5065
In base 14, what is -1704 + 82?
-1662
In base 4, what is 2212331213 + -1?
2212331212
In base 8, what is 102675 - 3?
102672
In base 11, what is -5 + 188121?
188117
In base 8, what is -47 - -455?
406
In base 9, what is -4 - 13358?
-13363
In base 16, what is af + fc?
1ab
In base 3, what is 21021 - -20212002?
21010100
In base 2, what is 1110101011010 + -1011?
1110101001111
In base 5, what is 20320034 - -1?
20320040
In base 16, what is -1 - -12cc?
12cb
In base 15, what is -303 - -10b4?
cb1
In base 10, what is -761 - 6?
-767
In base 2, what is -10101110100 + -111010?
-10110101110
In base 14, what is -5 - 6914?
-6919
In base 6, what is 4533 - -1110?
10043
In base 7, what is -34 - 102333?
-102400
In base 8, what is 566 - 162?
404
In base 8, what is 3764 + -17?
3745
In base 14, what is -14 - 9583?
-9597
In base 13, what is 13b - -228?
366
In base 9, what is -340 + -13?
-353
In base 6, what is 1541033 - 0?
1541033
In base 2, what is 10 - 10011000?
-10010110
In base 7, what is 443 - -1530?
2303
In base 14, what is -3 - 125a?
-125d
In base 9, what is -358584 + 0?
-358584
In base 3, what is 2 - 12121002000?
-12121001221
In base 2, what is -10010101101 + -10011000010?
-100101101111
In base 10, what is -7 - 230?
-237
In base 16, what is f + b?
1a
In base 4, what is 3301220 + -11?
3301203
In base 6, what is -4 + 355552?
355544
In base 2, what is -1010010 + -111111111000?
-1000001001010
In base 5, what is 40313 - 1?
40312
In base 12, what is 381 + -a2?
29b
In base 16, what is -41 - -d9?
98
In